{"id":673,"date":"2018-02-11T16:25:44","date_gmt":"2018-02-11T14:25:44","guid":{"rendered":"http:\/\/www.buch-und-wein.com\/?page_id=673"},"modified":"2024-03-24T18:48:46","modified_gmt":"2024-03-24T16:48:46","slug":"datenschutz","status":"publish","type":"page","link":"https:\/\/www.buch-und-wein.com\/?page_id=673","title":{"rendered":"Datenschutz"},"content":{"rendered":"<p>In unserem Gesch\u00e4ft erfolgt die Behandlung von Daten gem\u00e4\u00df der Datenschutz &#8211; Grundverordnung der Europ\u00e4ischen Union vom 27.4.2016, ver\u00f6ffentlicht im Amtsblatt der EU vom 4.5.2016<\/p>\n<p>Speziell folgen wir dem Artikel 5 &#8222;Grunds\u00e4tze f\u00fcr die Verarbeitung personenbezogener Daten&#8220;:\u00a0 Wir erheben keine besonderen personenbezogenen Daten, sondern nur das, was f\u00fcr Beratung und Verkauf n\u00f6tig ist.<\/p>\n<p>Wenn Sie uns einen Brief oder eine Mail schreiben, bewahren wir diesen Schriftverkehr maximal bis zum Ende des \u00fcbern\u00e4chsten Jahres auf. Gem\u00e4\u00df Artikel 17 wird auf Ihren Wunsch hin Ihr Brief umgehend vernichtet und Ihre Mail sofort gel\u00f6scht, sofern sie nicht f\u00fcr die Abwicklung eines Bestellvorgangs ben\u00f6tigt werden.<\/p>\n<p>Bei Bestellungen \u00fcber das Ladengesch\u00e4ft verbinden wir Buchnamen mit einem von Ihnen angegebenen Bestellnamen. Das wird an unseren Gro\u00dfh\u00e4ndler Libri gemeldet (Adresse siehe unten). Weitere Verkn\u00fcpfungen gibt es nicht. F\u00fcr diese Bestellung sowie allgemein den rechnungslosen Verkauf im Ladengesch\u00e4ft ben\u00f6tigen wir weder Ihren wirklichen Namen noch Ihre Anschrift oder weitere Angaben.<\/p>\n<p>Beim Kauf von alkoholhaltigen Getr\u00e4nken und Tabakwaren pr\u00fcfen wir Ihr Alter, falls n\u00f6tig. Dazu wird aber nichts gespeichert.<\/p>\n<p>Bei der Ausgabe von UPS-Sendungen sind wir gehalten, Ihre Identit\u00e4t zu pr\u00fcfen. Dazu wird bei uns nichts gespeichert. Vielmehr gilt hier Ihr Vertrag mit UPS, G\u00f6rlitzer Stra\u00dfe 1\u00a0 in<\/p>\n<p>41460 Neuss. Die Benachrichtigungszettel werden maximal ein Jahr aufbewahrt um gegebenenfalls den Verlauf der Sendung nachzuvollziehen.<\/p>\n<p>Bei Zahlung mit einer ec- Karte gelten die Bestimmungen Ihrer ausgebenden Bank.<\/p>\n<p>F\u00fcr Bestellungen \u00fcber die Webseite\u00a0 geniallokal.de mit Nennung von Buch&amp;Wein gelten die Gesch\u00e4ftsbedingungen von geniallokal.de bzw der Libri GmbH und deren Datenschutzmitteilungen; Friedensallee 273; 22763 Hamburg; E-Mail:\u00a0 service@genialokal.de; Telefon: 040 4223 6522.<\/p>\n<p>Wird eine Rechnung gew\u00fcnscht, so ben\u00f6tigen wir von Ihnen Namen und Anschrift.\u00a0 Eine Rechnungskopie bewahren wir so lange auf, wie die Steuergesetze es verlangen.<\/p>\n<p>Wenn Sie uns Ihre Mailadresse \u00fcberlassen haben, weil Sie \u00fcber Veranstaltungen informiert werden wollen, nutzen wir sie nur f\u00fcr diesen Zweck. Sie k\u00f6nnen die Emailadresse jederzeit wieder l\u00f6schen lassen.<\/p>\n<p>Wir verkn\u00fcpfen Ihre Daten nicht mit anderen, geben sie nicht weiter und machen sie nicht \u00f6ffentlich.<\/p>\n<p>Gem\u00e4\u00df Artikel 13 EU-DSGVO haben Sie ein Auskunftsrecht \u00fcber die personenbezogenen Daten, die wir von Ihnen gespeichert haben.<\/p>\n<p>Sollten Sie diesbez\u00fcglich W\u00fcnsche, Fragen oder Anregungen haben, wenden Sie sich bitte an die Mitarbeiterin im Laden oder an den Datenschutzverantwortlichen Wolfram Blendin \u00fcber Buch&amp;Wein, Burgstra\u00dfe 19, 65597 H\u00fcnfelden; Tel 06438 \/ 923783 .<\/p>\n<p>Sie haben au\u00dferdem das Recht, sich an eine Aufsichtsbeh\u00f6rde zu wenden. Das ist der Hessische Datenschutzbeauftragte, Gustav- Stresemann- Ring 1, 65189 Wiesbaden; Tel 0611\/ 14080 bzw \u00fcber die Webseite www.datenschutz.hessen.de oder mit einer Mail an poststelle@datenschutz.hessen.de ( Stand 11.Februar 2018)<\/p>\n<p><strong>Datenschutzerkl\u00e4rung<\/strong><\/p>\n<p><strong>Geltungsbereich<\/strong><\/p>\n<p>Diese Datenschutzerkl\u00e4rung kl\u00e4rt Nutzer \u00fcber die Art, den Umfang und Zwecke der Erhebung und Verwendung personenbezogener Daten durch den verantwortlichen Anbieter s.o. auf dieser Website (im folgenden \u201cAngebot\u201d) auf.<\/p>\n<p>Die rechtlichen Grundlagen des Datenschutzes finden sich im Bundesdatenschutzgesetz (BDSG) und dem Telemediengesetz (TMG).<\/p>\n<p><strong>Umgang mit personenbezogenen Daten<\/strong><\/p>\n<p><span class=\"ts-muster-content\">Personenbezogene Daten sind Informationen, mit deren Hilfe eine Person bestimmbar ist, also Angaben, die zur\u00fcck zu einer Person verfolgt werden k\u00f6nnen. Dazu geh\u00f6ren der Name, die Emailadresse oder die Telefonnummer. Aber auch Daten \u00fcber Vorlieben, Hobbies, Mitgliedschaften oder welche Webseiten von jemandem angesehen wurden z\u00e4hlen zu personenbezogenen Daten.<\/span><\/p>\n<p>Personenbezogene Daten werden von dem Anbieter nur dann erhoben, genutzt und weiter gegeben, wenn dies gesetzlich erlaubt ist oder die Nutzer in die Datenerhebung einwilligen.<\/p>\n<p><strong>Kontaktaufnahme<\/strong><\/p>\n<p><span class=\"ts-muster-content\">Bei der Kontaktaufnahme mit dem Anbieter (zum Beispiel per Kontaktformular oder E-Mail) werden die Angaben des Nutzers zwecks Bearbeitung der Anfrage sowie f\u00fcr den Fall, dass Anschlussfragen entstehen, gespeichert.<\/span><\/p>\n<p><strong>Kommentare und Beitr\u00e4ge<\/strong><\/p>\n<p><span class=\"ts-muster-content\">Wenn Nutzer Kommentare im Blog oder sonstige Beitr\u00e4ge hinterlassen, werden ihre IP-Adressen gespeichert. Das erfolgt zur Sicherheit des Anbieters, falls jemand in Kommentaren und Beitr\u00e4gen widerrechtliche Inhalte schreibt (Beleidigungen, verbotene politische Propaganda, etc.). In diesem Fall kann der Anbieter selbst f\u00fcr den Kommentar oder Beitrag belangt werden und ist daher an der Identit\u00e4t des Verfassers interessiert.<\/span><\/p>\n<p><strong>Kommentarabonnements<\/strong><\/p>\n<p><span class=\"ts-muster-content\">Die Nachfolgekommentare k\u00f6nnen durch Nutzer abonniert werden. Die Nutzer erhalten eine Best\u00e4tigungsemail, um zu \u00fcberpr\u00fcfen, ob sie der Inhaber der eingegebenen Emailadresse sind. Nutzer k\u00f6nnen laufende Kommentarabonnements jederzeit abbestellen. Die Best\u00e4tigungsemail wird Hinweise dazu enthalten.<\/span><\/p>\n<p><strong>Einbindung von Diensten und Inhalten Dritter<\/strong><\/p>\n<p><span class=\"ts-muster-content\">Es kann vorkommen, dass innerhalb dieses Onlineangebotes Inhalte Dritter, wie zum Beispiel Videos von YouTube, Kartenmaterial von Google-Maps, RSS-Feeds oder Grafiken von anderen Webseiten eingebunden werden. Dies setzt immer voraus, dass die Anbieter dieser Inhalte (nachfolgend bezeichnet als &#8222;Dritt-Anbieter&#8220;) die IP-Adresse der Nutzer wahr nehmen. Denn ohne die IP-Adresse, k\u00f6nnten sie die Inhalte nicht an den Browser des jeweiligen Nutzers senden. Die IP-Adresse ist damit f\u00fcr die Darstellung dieser Inhalte erforderlich. Wir bem\u00fchen uns nur solche Inhalte zu verwenden, deren jeweilige Anbieter die IP-Adresse lediglich zur Auslieferung der Inhalte verwenden. Jedoch haben wir keinen Einfluss darauf, falls die Dritt-Anbieter die IP-Adresse z.B. f\u00fcr statistische Zwecke speichern. Soweit dies uns bekannt ist, kl\u00e4ren wir die Nutzer dar\u00fcber auf.<br \/>\n<\/span><\/p>\n<p><strong>Widerruf, \u00c4nderungen, Berichtigungen und Aktualisierungen<\/strong><\/p>\n<p>Der Nutzer hat das Recht, auf Antrag unentgeltlich Auskunft zu erhalten \u00fcber die personenbezogenen Daten, die \u00fcber ihn gespeichert wurden. Zus\u00e4tzlich hat der Nutzer das Recht auf Berichtigung unrichtiger Daten, Sperrung und L\u00f6schung seiner personenbezogenen Daten, soweit dem keine gesetzliche Aufbewahrungspflicht entgegensteht.<\/p>\n<p><a href=\"https:\/\/datenschutz-generator.de\/\"><strong>Erstellt mit Datenschutz-Generator.de von RA Dr. Thomas Schwenke<\/strong><\/a><\/p>\n<p>Zur Verwaltung der eingesetzten Cookies und \u00e4hnlichen Technologien (Tracking-Pixel, Web-Beacons etc.) und diesbez\u00fcglicher Einwilligungen setzen wir das Consent Tool &#8222;Real Cookie Banner&#8220; ein. Details zur Funktionsweise von &#8222;Real Cookie Banner&#8220; findest du unter &lt;a href=&#8220;https:\/\/devowl.io\/de\/rcb\/datenverarbeitung\/&#8220; rel=&#8220;noreferrer&#8220; target=&#8220;_blank&#8220;&gt;https:\/\/devowl.io\/de\/rcb\/datenverarbeitung\/&lt;\/a&gt;.<\/p>\n<p>Rechtsgrundlagen f\u00fcr die Verarbeitung von personenbezogenen Daten in diesem Zusammenhang sind Art. 6 Abs. 1 lit. c DS-GVO und Art. 6 Abs. 1 lit. f DS-GVO. Unser berechtigtes Interesse ist die Verwaltung der eingesetzten Cookies und \u00e4hnlichen Technologien und der diesbez\u00fcglichen Einwilligungen.<\/p>\n<p>Die Bereitstellung der personenbezogenen Daten ist weder vertraglich vorgeschrieben noch f\u00fcr den Abschluss eines Vertrages notwendig. Du bist nicht verpflichtet die personenbezogenen Daten bereitzustellen. Wenn du die personenbezogenen Daten nicht bereitstellst, k\u00f6nnen wir deine Einwilligungen nicht verwalten.<\/p>\n","protected":false},"excerpt":{"rendered":"<p>In unserem Gesch\u00e4ft erfolgt die Behandlung von Daten gem\u00e4\u00df der Datenschutz &#8211; Grundverordnung der Europ\u00e4ischen Union vom 27.4.2016, ver\u00f6ffentlicht im Amtsblatt der EU vom 4.5.2016 Speziell folgen wir dem Artikel 5 &#8222;Grunds\u00e4tze f\u00fcr die Verarbeitung personenbezogener Daten&#8220;:\u00a0 Wir erheben keine besonderen personenbezogenen Daten, sondern nur das, was f\u00fcr Beratung und Verkauf n\u00f6tig ist. Wenn Sie [&hellip;]<\/p>\n","protected":false},"author":1,"featured_media":0,"parent":0,"menu_order":0,"comment_status":"closed","ping_status":"closed","template":"","meta":{"footnotes":""},"class_list":["post-673","page","type-page","status-publish","czr-hentry"],"_links":{"self":[{"href":"https:\/\/www.buch-und-wein.com\/index.php?rest_route=\/wp\/v2\/pages\/673","targetHints":{"allow":["GET"]}}],"collection":[{"href":"https:\/\/www.buch-und-wein.com\/index.php?rest_route=\/wp\/v2\/pages"}],"about":[{"href":"https:\/\/www.buch-und-wein.com\/index.php?rest_route=\/wp\/v2\/types\/page"}],"author":[{"embeddable":true,"href":"https:\/\/www.buch-und-wein.com\/index.php?rest_route=\/wp\/v2\/users\/1"}],"replies":[{"embeddable":true,"href":"https:\/\/www.buch-und-wein.com\/index.php?rest_route=%2Fwp%2Fv2%2Fcomments&post=673"}],"version-history":[{"count":5,"href":"https:\/\/www.buch-und-wein.com\/index.php?rest_route=\/wp\/v2\/pages\/673\/revisions"}],"predecessor-version":[{"id":903,"href":"https:\/\/www.buch-und-wein.com\/index.php?rest_route=\/wp\/v2\/pages\/673\/revisions\/903"}],"wp:attachment":[{"href":"https:\/\/www.buch-und-wein.com\/index.php?rest_route=%2Fwp%2Fv2%2Fmedia&parent=673"}],"curies":[{"name":"wp","href":"https:\/\/api.w.org\/{rel}","templated":true}]}}